{"id":383,"date":"2023-10-31T03:58:47","date_gmt":"2019-10-21T08:13:10","guid":{"rendered":"http:\/\/localhost\/xaydungnhadat\/?page_id=383"},"modified":"2025-08-15T20:11:49","modified_gmt":"2025-08-15T13:11:49","slug":"tai-sao-chon-chung-toi","status":"publish","type":"page","link":"https:\/\/xaydungnhandat.com.vn\/?page_id=383","title":{"rendered":"T\u1ea1i Sao L\u1ea1i L\u1ef1a Ch\u1ecdn X\u00e2y D\u1ef1ng Nh\u00e2n \u0110\u1ea1t?"},"content":{"rendered":"\r\n<div class=\"wp-block-image\">\r\n<figure class=\"aligncenter size-large\"><img loading=\"lazy\" decoding=\"async\" class=\"alignnone wp-image-2635\" src=\"https:\/\/xaydungnhandat.com.vn\/wp-content\/uploads\/2020\/02\/thiet-ke-xay-dung-nha-pho-uy-tin-quan-9-1-1024x1024.jpg\" alt=\"Gi\u00e1 tr\u1ecb c\u1ed1t l\u00f5i c\u00f4ng ty X\u00e2y D\u1ef1ng Nh\u00e2n \u0110\u1ea1t\" width=\"1024\" height=\"1024\" srcset=\"https:\/\/xaydungnhandat.com.vn\/wp-content\/uploads\/2020\/02\/thiet-ke-xay-dung-nha-pho-uy-tin-quan-9-1-1024x1024.jpg 1024w, https:\/\/xaydungnhandat.com.vn\/wp-content\/uploads\/2020\/02\/thiet-ke-xay-dung-nha-pho-uy-tin-quan-9-1-300x300.jpg 300w, https:\/\/xaydungnhandat.com.vn\/wp-content\/uploads\/2020\/02\/thiet-ke-xay-dung-nha-pho-uy-tin-quan-9-1-150x150.jpg 150w\" sizes=\"(max-width: 1024px) 100vw, 1024px\" \/><\/figure>\r\n<\/div>\r\n\r\n\r\n\r\n<p>C\u00d4NG TY X\u00c2Y D\u1ef0NG <a style=\"font-weight: bold;\" href=\"https:\/\/xaydungnhandat.com.vn\/\">Nh\u00e2n \u0110\u1ea1t<\/a><b>:<\/b>T\u01b0 v\u1ea5n x\u00e2y d\u1ef1ng uy t\u00edn th\u00e0nh ph\u1ed1 H\u1ed3 Ch\u00ed Minh.<\/p>\r\n\r\n\r\n\r\n<div class=\"wp-block-group\">\r\n<div class=\"wp-block-group__inner-container is-layout-flow wp-block-group-is-layout-flow\">\r\n<figure class=\"wp-block-image size-large is-resized\"><img loading=\"lazy\" decoding=\"async\" class=\"alignnone wp-image-305\" src=\"https:\/\/xaydungnhandat.com.vn\/wp-content\/uploads\/2019\/10\/image-23.png\" alt=\"V\u0103n ph\u00f2ng C\u00f4ng Ty Nh\u00e2n \u0110\u1ea1t\" width=\"794\" height=\"538\" \/><\/figure>\r\n<\/div>\r\n<\/div>\r\n\r\n\r\n\r\n<p>V\u1edbi th\u1ebf m\u1ea1nh c\u1ee7a c\u00f4ng ty NH\u00c2N \u0110\u1ea0T l\u00e0 Thi C\u00f4ng v\u00e0 Gi\u00e1m S\u00e1t<\/p>\r\n\r\n\r\n\r\n<p>Th\u01b0 c\u00e1m \u01a1n c\u1ee7a c\u00f4ng ty: <strong>JFE Machinery Company, Japan<\/strong><\/p>\r\n\r\n\r\n\r\n<div class=\"wp-block-image\">\r\n<figure class=\"aligncenter size-large\"><img loading=\"lazy\" decoding=\"async\" class=\"alignnone wp-image-2417\" src=\"https:\/\/xaydungnhandat.com.vn\/wp-content\/uploads\/2020\/02\/nha-thep-2.jpg\" alt=\"\u0110\u00e1nh gi\u00e1 t\u1eeb ph\u00eda kh\u00e1ch h\u00e0ng\" width=\"564\" height=\"392\" srcset=\"https:\/\/xaydungnhandat.com.vn\/wp-content\/uploads\/2020\/02\/nha-thep-2.jpg 564w, https:\/\/xaydungnhandat.com.vn\/wp-content\/uploads\/2020\/02\/nha-thep-2-300x209.jpg 300w\" sizes=\"(max-width: 564px) 100vw, 564px\" \/><\/figure>\r\n<\/div>\r\n\r\n\r\n\r\n<p><strong><em>NH\u00c2N \u0110\u1ea0T<\/em><\/strong> \u00a0l\u00e0\u00a0<a href=\"https:\/\/xaydungnhandat.com.vn\/\">c\u00f4ng ty x\u00e2y d\u1ef1ng uy t\u00edn<\/a>\u00a0t\u1ea1i tphcm \u0111\u00e3 \u0111\u01b0\u1ee3c kh\u00e1ch h\u00e0ng t\u00edn nhi\u1ec7m v\u1edbi r\u1ea5t nhi\u1ec1u c\u00f4ng tr\u00ecnh l\u1edbn nh\u1ecf \u0111\u00e3\u00a0thi c\u00f4ng &#8211; gi\u00e1m s\u00e1t\u00a0\u1edf tphcm t\u1eeb 2003 \u0111\u1ebfn nay. V\u1edbi c\u00e1c ch\u00ednh s\u00e1ch h\u1eadu m\u00e3i h\u1ea5p d\u1eabn trong Thi c\u00f4ng v\u00e0 Gi\u00e1m s\u00e1t T\u01b0 v\u1ea5n x\u00e2y d\u1ef1ng uy t\u00edn<\/p>\r\n\r\n\r\n\r\n<ul>\r\n<li><strong><em>B\u1ea2O H\u00c0NH<\/em><\/strong><\/li>\r\n<li><strong><em>30<\/em>\u00a0n\u0103m\u00a0cho Ph\u1ea7n K\u1ebft C\u1ea5u<\/strong><\/li>\r\n<li><strong><em>5 \u00a0<\/em>n\u0103m\u00a0cho Ph\u1ea7n Ho\u00e0n Thi\u1ec7n<\/strong><\/li>\r\n<\/ul>\r\n\r\n\r\n\r\n<p><strong>1<\/strong>.\u00a0<strong>Mi\u1ec5n ph\u00ed\u00a0thi\u1ebft k\u1ebf h\u1ed3 s\u01a1 thi c\u00f4ng ho\u00e0n ch\u1ec9nh(bao g\u1ed3m 3D)<\/strong><\/p>\r\n\r\n\r\n\r\n<p><strong>2. Mi\u1ec5n ph\u00ed xin ph\u00e9p x\u00e2y d\u1ef1ng<\/strong>.<\/p>\r\n\r\n\r\n\r\n<p><strong>3<\/strong>.\u00a0<strong>Mi\u1ec5n ph\u00ed thanh tra v\u00e0 c\u00e1c c\u01a1 quan ch\u1ee9c n\u0103ng.<\/strong><\/p>\r\n\r\n\r\n\r\n<p><strong>4. Lu\u00f4n c\u00f3 k\u0129 s\u01b0 gi\u00e1m s\u00e1t t\u1ea1i c\u00f4ng tr\u00ecnh trong su\u1ed1t qu\u00e1 tr\u00ecnh thi c\u00f4ng.<\/strong><\/p>\r\n\r\n\r\n\r\n<p><strong>5. Cam k\u1ebft kh\u00f4ng b\u00e1n th\u1ea7u.<\/strong><\/p>\r\n\r\n\r\n\r\n<p><strong>6.<\/strong>\u00a0<strong>H\u1ee3p \u0111\u1ed3ng thi c\u00f4ng r\u00f5\u00a0r\u00e0ng, minh b\u1ea1ch.<\/strong><\/p>\r\n\r\n\r\n\r\n<p><strong>7. Cam k\u1ebft kh\u00f4ng ph\u00e1t sinh<\/strong>.<\/p>\r\n\r\n\r\n\r\n<p><strong>8. V\u1eadt t\u01b0 ch\u00ednh h\u00e3ng ch\u1ea5t l\u01b0\u1ee3ng chu\u1ea9n<\/strong>.<\/p>\r\n\r\n\r\n\r\n<p><strong>9.\u00a0\u0110\u1ed9i th\u1ee3 thi c\u00f4ng gi\u1ecfi<\/strong><\/p>\r\n\r\n\r\n\r\n<p><strong>10.<\/strong>\u00a0<strong>T\u01b0 v\u1ea5n h\u1ee3p \u0111\u1ed3ng thi c\u00f4ng v\u00e0 b\u1ea3n v\u1ebd thi\u1ebft k\u1ebf mi\u1ec5n ph\u00ed (\u00e1p d\u1ee5ng g\u00f3i h\u1ee3p \u0111\u1ed3ng t\u01b0 v\u1ea5n gi\u00e1m s\u00e1t)<\/strong> T\u01b0 v\u1ea5n x\u00e2y d\u1ef1ng uy t\u00edn<\/p>\r\n\r\n\r\n\r\n\r\n\r\n<h2 class=\"has-vivid-cyan-blue-color has-text-color wp-block-heading\">1.1:<strong>D\u1ecaCH V\u1ee4 CUNG C\u1ea4P<\/strong>:<\/h2>\r\n\r\n\r\n\r\n<ul>\r\n<li><strong>C\u00d4NG TY TNHH TV-\u0110T-XD NH\u00c2N \u0110\u1ea0T <\/strong>l\u00e0 nh\u00e0 th\u1ea7u x\u00e2y d\u1ef1ng chuy\u00ean cung c\u1ea5p m\u1ed9t s\u1ea3n ph\u1ea9m k\u1ef9 thu\u1eadt ho\u00e0n ch\u1ec9nh t\u1eeb kh\u00e2u thi\u1ebft k\u1ebf \u0111\u1ebfn thi c\u00f4ng x\u00e2y d\u1ef1ng v\u1edbi n\u0103ng l\u1ef1c h\u1ed7 tr\u1ee3 to\u00e0n b\u1ed9 v\u00f2ng \u0111\u1eddi c\u1ee7a d\u1ef1 \u00e1n t\u1eeb giai \u0111o\u1ea1n chu\u1ea9n b\u1ecb cho \u0111\u1ebfn khi ho\u00e0n th\u00e0nh.(T\u01b0 v\u1ea5n x\u00e2y d\u1ef1ng uy t\u00edn)<\/li>\r\n<\/ul>\r\n\r\n\r\n\r\n<div class=\"wp-block-image\">\r\n<figure class=\"aligncenter size-large\"><img loading=\"lazy\" decoding=\"async\" class=\"aligncenter size-full wp-image-16129\" src=\"https:\/\/xaydungnhandat.com.vn\/wp-content\/uploads\/2023\/08\/Cc-xay-dung-2023.jpg\" alt=\"\" width=\"1275\" height=\"1650\" srcset=\"https:\/\/xaydungnhandat.com.vn\/wp-content\/uploads\/2023\/08\/Cc-xay-dung-2023.jpg 1275w, https:\/\/xaydungnhandat.com.vn\/wp-content\/uploads\/2023\/08\/Cc-xay-dung-2023-232x300.jpg 232w, https:\/\/xaydungnhandat.com.vn\/wp-content\/uploads\/2023\/08\/Cc-xay-dung-2023-791x1024.jpg 791w\" sizes=\"(max-width: 1275px) 100vw, 1275px\" \/><\/figure>\r\n<\/div>\r\n\r\n\r\n\r\n<p>D\u1ecbch v\u1ee5 c\u1ee7a ch\u00fang t\u00f4i bao g\u1ed3m:<\/p>\r\n\r\n\r\n\r\n<ul>\r\n<li>L\u1eadp k\u1ebf ho\u1ea1ch cho d\u1ef1 \u00e1n<\/li>\r\n<li>Thi\u1ebft k\u1ebf<\/li>\r\n<li>T\u1ed5ng th\u1ea7u thi\u1ebft k\u1ebf &#8211; thi c\u00f4ng x\u00e2y d\u1ef1ng<\/li>\r\n<li>Qu\u1ea3n l\u00fd d\u1ef1 \u00e1n<\/li>\r\n<li>Qu\u1ea3n l\u00fd x\u00e2y d\u1ef1ng<\/li>\r\n<\/ul>\r\n\r\n\r\n\r\n<p>V\u1edbi \u0111\u1ed9i ng\u0169 k\u1ef9 s\u01b0 v\u00e0 chuy\u00ean vi\u00ean k\u1ef9 thu\u1eadt chuy\u00ean nghi\u1ec7p c\u00f3 ki\u1ebfn th\u1ee9c, kinh nghi\u1ec7m nhi\u1ec1u n\u0103m, ch\u00fang t\u00f4i s\u1ebd cung c\u1ea5p c\u00e1c d\u1ecbch v\u1ee5 v\u1edbi nhi\u1ec1u \u1ee9ng d\u1ee5ng c\u00f4ng ngh\u1ec7 nh\u1eb1m:<\/p>\r\n\r\n\r\n\r\n<ul>\r\n<li>Gi\u1ea3m chi ph\u00ed x\u00e2y d\u1ef1ng<\/li>\r\n<li>R\u00fat ng\u1eafn th\u1eddi gian thi c\u00f4ng x\u00e2y d\u1ef1ng<\/li>\r\n<li>\u0110\u1ea3m b\u1ea3o n\u00e2ng cao ch\u1ea5t l\u01b0\u1ee3ng c\u00f4ng tr\u00ecnh<\/li>\r\n<\/ul>\r\n\r\n\r\n\r\n<h2 class=\"has-vivid-cyan-blue-color has-text-color wp-block-heading\">1.2:<strong>C\u01a0 C\u1ea4U QU\u1ea2N L\u00dd T\u1ed4 CH\u1ee8C<\/strong><\/h2>\r\n\r\n\r\n\r\n<div class=\"wp-block-image\">\r\n<figure class=\"aligncenter size-large\"><img loading=\"lazy\" decoding=\"async\" width=\"972\" height=\"962\" class=\"wp-image-2042\" src=\"https:\/\/xaydungnhandat.com.vn\/wp-content\/uploads\/2020\/02\/Untitled-1.png\" alt=\" T\u01b0 v\u1ea5n x\u00e2y d\u1ef1ng uy t\u00edn\" srcset=\"https:\/\/xaydungnhandat.com.vn\/wp-content\/uploads\/2020\/02\/Untitled-1.png 972w, https:\/\/xaydungnhandat.com.vn\/wp-content\/uploads\/2020\/02\/Untitled-1-300x297.png 300w\" sizes=\"(max-width: 972px) 100vw, 972px\" \/><\/figure>\r\n<\/div>\r\n\r\n\r\n\r\n<p>B\u1ea1n c\u00f3 th\u1ec3 tham kh\u1ea3o c\u00e1c m\u1eabu nh\u00e0 ph\u1ed1 tr\u00ean fanpage\u00a0<a href=\"https:\/\/www.facebook.com\/C%C3%B4ng-Ty-T%C6%B0-V%E1%BA%A5n-%C4%90%E1%BA%A7u-T%C6%B0-X%C3%A2y-D%E1%BB%B1ng-Nh%C3%A2n-%C4%90%E1%BA%A1t-104861704330216\/?modal=admin_todo_tour\">c\u00f4ng ty x\u00e2y d\u1ef1ng Nh\u00e2n \u0110\u1ea1t<\/a>\u00a0.<\/p>\r\n","protected":false},"excerpt":{"rendered":"<p>C\u00d4NG TY X\u00c2Y D\u1ef0NG Nh\u00e2n \u0110\u1ea1t:T\u01b0 v\u1ea5n x\u00e2y d\u1ef1ng uy t\u00edn th\u00e0nh ph\u1ed1 H\u1ed3 Ch\u00ed Minh. V\u1edbi th\u1ebf m\u1ea1nh c\u1ee7a c\u00f4ng ty NH\u00c2N \u0110\u1ea0T l\u00e0 Thi C\u00f4ng v\u00e0 Gi\u00e1m S\u00e1t Th\u01b0 c\u00e1m \u01a1n c\u1ee7a c\u00f4ng ty: JFE Machinery Company, Japan NH\u00c2N \u0110\u1ea0T \u00a0l\u00e0\u00a0c\u00f4ng ty x\u00e2y d\u1ef1ng uy t\u00edn\u00a0t\u1ea1i tphcm \u0111\u00e3 \u0111\u01b0\u1ee3c kh\u00e1ch h\u00e0ng t\u00edn nhi\u1ec7m [&#8230;]\n","protected":false},"author":7,"featured_media":0,"parent":46,"menu_order":0,"comment_status":"closed","ping_status":"closed","template":"","meta":{"footnotes":""},"_links":{"self":[{"href":"https:\/\/xaydungnhandat.com.vn\/index.php?rest_route=\/wp\/v2\/pages\/383"}],"collection":[{"href":"https:\/\/xaydungnhandat.com.vn\/index.php?rest_route=\/wp\/v2\/pages"}],"about":[{"href":"https:\/\/xaydungnhandat.com.vn\/index.php?rest_route=\/wp\/v2\/types\/page"}],"author":[{"embeddable":true,"href":"https:\/\/xaydungnhandat.com.vn\/index.php?rest_route=\/wp\/v2\/users\/7"}],"replies":[{"embeddable":true,"href":"https:\/\/xaydungnhandat.com.vn\/index.php?rest_route=%2Fwp%2Fv2%2Fcomments&post=383"}],"version-history":[{"count":7,"href":"https:\/\/xaydungnhandat.com.vn\/index.php?rest_route=\/wp\/v2\/pages\/383\/revisions"}],"predecessor-version":[{"id":16396,"href":"https:\/\/xaydungnhandat.com.vn\/index.php?rest_route=\/wp\/v2\/pages\/383\/revisions\/16396"}],"up":[{"embeddable":true,"href":"https:\/\/xaydungnhandat.com.vn\/index.php?rest_route=\/wp\/v2\/pages\/46"}],"wp:attachment":[{"href":"https:\/\/xaydungnhandat.com.vn\/index.php?rest_route=%2Fwp%2Fv2%2Fmedia&parent=383"}],"curies":[{"name":"wp","href":"https:\/\/api.w.org\/{rel}","templated":true}]}}