{"id":13820,"date":"2023-10-31T03:58:47","date_gmt":"2023-01-31T04:46:53","guid":{"rendered":"https:\/\/xaydungnhandat.com.vn\/?page_id=13820"},"modified":"2026-04-15T00:26:19","modified_gmt":"2026-04-14T17:26:19","slug":"bang-gia-hoan-thien","status":"publish","type":"page","link":"https:\/\/xaydungnhandat.com.vn\/?page_id=13820","title":{"rendered":"B\u00e1o gi\u00e1 ho\u00e0n thi\u1ec7n nh\u00e0 ph\u1ed1 x\u00e2y th\u00f4 2026"},"content":{"rendered":"<p>Qu\u00fd kh\u00e1ch h\u00e0ng \u0111ang t\u00ecm ki\u1ebfm nh\u1eefng gi\u1ea3i ph\u00e1p khi ti\u1ebfn h\u00e0nh x\u00e2y d\u1ef1ng ph\u1ea7n th\u00f4 cho ng\u00f4i nh\u00e0 c\u1ee7a m\u00ecnh, trong b\u00e0i vi\u1ebft n\u00e0y X\u00e2y D\u1ef1ng Nh\u00e2n \u0110\u1ea1t s\u1ebd ph\u00e2n t\u00edch nh\u1eefng y\u1ebfu t\u1ed1 \u1ea3nh h\u01b0\u1edfng \u0111\u1ebfn gi\u00e1 ho\u00e0n thi\u1ec7n nh\u00e0 ph\u1ed1 x\u00e2y th\u00f4 trong n\u0103m 2026. Qu\u00fd kh\u00e1ch h\u00e0ng c\u00f3 th\u1ec3 tham kh\u1ea3o nh\u1eefng th\u00f4ng tin d\u01b0\u1edbi \u0111\u00e2y v\u00e0 l\u1ef1a ch\u1ecdn \u0111\u01a1n v\u1ecb Nh\u00e2n \u0110\u1ea1t \u0111\u1ec3 g\u1eedi g\u1eafm ni\u1ec1m tin v\u1ec1 c\u0103n nh\u00e0 m\u01a1 \u01b0\u1edbc c\u1ee7a m\u00ecnh.<\/p>\n<h2><strong>X\u00e2y d\u1ef1ng ph\u1ea7n th\u00f4 bao g\u1ed3m nh\u1eefng th\u00e0nh ph\u1ea7n n\u00e0o<\/strong><\/h2>\n<ul>\n<li>Ph\u1ea7n th\u00f4 l\u00e0 ph\u1ea7n m\u00f3ng c\u00f9ng b\u1ec3 ng\u1ea7m, c\u00e1c h\u1ec7 th\u1ed1ng k\u1ebft c\u1ea5u ch\u1ecbu l\u1ef1c, m\u00e1i b\u00ea t\u00f4ng, c\u1ea7u thang \u0111\u1ed5 b\u1ea3n v\u00e0 x\u00e2y b\u1eadc, h\u1ec7 th\u1ed1ng t\u01b0\u1eddng bao che v\u00e0 ng\u0103n chia ra.<\/li>\n<li>Ph\u1ea7n th\u00f4 \u0111\u01b0\u1ee3c hi\u1ec3u \u0111\u01a1n gi\u1ea3n l\u00e0 ph\u1ea7n k\u1ebft c\u1ea5u khung nh\u00e0, ch\u00ednh v\u00ec v\u1eady n\u00f3 mang t\u00ednh ch\u1ea5t r\u1ea5t quan tr\u1ecdng trong t\u1eebng ng\u00f4i nh\u00e0. Ph\u1ea7n th\u00f4 s\u1ebd quy\u1ebft \u0111\u1ecbnh s\u1ef1 b\u1ec1n v\u1eefng cho t\u1eebng ng\u00f4i nh\u00e0, t\u1eeb n\u1ec1n m\u00f3ng \u0111\u1ebfn khung x\u01b0\u01a1ng ph\u1ea3i \u0111\u01b0\u1ee3c thi\u1ebft k\u1ebf v\u00e0 thi c\u00f4ng \u0111\u00fang ti\u00eau chu\u1ea9n, v\u1eadt t\u01b0 ph\u1ea3i \u0111\u00fang quy \u0111\u1ecbnh.<\/li>\n<\/ul>\n<h2><strong>C\u00e1ch t\u00ednh chi ph\u00ed ho\u00e0n thi\u1ec7n nh\u00e0 ph\u1ed1 x\u00e2y th\u00f4<\/strong><\/h2>\n<ul>\n<li>Hi\u1ec7n nay c\u00f3 2 c\u00e1ch \u0111\u1ec3 c\u00f4ng ty x\u00e2y d\u1ef1ng s\u1ebd b\u00e1o gi\u00e1 cho qu\u00fd kh\u00e1ch h\u00e0ng<\/li>\n<li>C\u00e1ch 1: B\u00e1o gi\u00e1 ho\u00e0n thi\u1ec7n nh\u00e0 ph\u1ed1 x\u00e2y th\u00f4 theo m2<\/li>\n<li>Theo c\u00e1ch n\u00e0y, nh\u00e0 th\u1ea7u x\u00e2y d\u1ef1ng s\u1ebd tham gia ti\u1ebfn h\u00e0nh kh\u1ea3o s\u00e1t c\u00f4ng tr\u00ecnh \u0111\u1ec3 nh\u00ecn nh\u1eadn v\u00e0 \u0111\u00e1nh gi\u00e1 kh\u00e1ch quan t\u1ea1i khu v\u1ef1c thi c\u00f4ng. C\u00e1c c\u00f4ng vi\u1ec7c c\u1ea7n l\u00e0m v\u00e0 s\u1ebd b\u00e1o gi\u00e1 theo m2 s\u00e0n x\u00e2y d\u1ef1ng l\u1ea1i cho qu\u00fd kh\u00e1ch h\u00e0ng c\u1ee7a m\u00ecnh<\/li>\n<li>C\u00e1ch 2: B\u00e1o gi\u00e1 ho\u00e0n thi\u1ec7n nh\u00e0 ph\u1ed1 x\u00e2y th\u00f4 b\u1eb1ng b\u00f3c t\u00e1ch chi ti\u1ebft<\/li>\n<li>V\u1edbi ph\u01b0\u01a1ng \u00e1n n\u00e0y, ch\u1ee7 \u0111\u1ea7u t\u01b0 s\u1ebd cung c\u1ea5p b\u1ea3n v\u1ebd thi\u1ebft k\u1ebf c\u01a1 b\u1ea3n, c\u00e1c lo\u1ea1i v\u1eadt li\u1ec7u, m\u00e0u s\u1eafc c\u0169ng nh\u01b0 mong mu\u1ed1n s\u1eed d\u1ee5ng c\u1ee7a m\u00ecnh cho c\u00f4ng ty x\u00e2y d\u1ef1ng. T\u1eeb \u0111\u00e2y nh\u00e0 th\u1ea7u s\u1ebd ti\u1ebfn h\u00e0nh kh\u1ea3o s\u00e1t v\u00e0 \u0111o \u0111\u1ea1c l\u1ea1i kh\u1ed1i l\u01b0\u1ee3ng c\u00e1c h\u1ea1ng m\u1ee5c. B\u00f3c t\u00e1ch kh\u1ed1i l\u01b0\u1ee3ng v\u00e0 t\u00ednh to\u00e1n chi ti\u1ebft c\u00e1c c\u00f4ng vi\u1ec7c c\u00f2n l\u1ea1i.<\/li>\n<li>D\u01b0\u1edbi \u0111\u00e2y s\u1ebd l\u00e0 c\u00e1ch t\u00ednh ho\u00e0n thi\u1ec7n nh\u00e0 ph\u1ed1 x\u00e2y th\u00f4 m\u00e0 b\u1ea1n c\u00f3 th\u1ec3 tham kh\u1ea3o qua:<\/li>\n<\/ul>\n<p>T\u1ed5ng chi v\u00ed v\u1eadt t\u01b0 ho\u00e0n thi\u1ec7n = T\u1ed5ng di\u1ec7n t\u00edch x\u00e2y d\u1ef1ng x \u0111\u01a1n gi\u00e1 tr\u00ean 1m2.<\/p>\n<p>Trong \u0111\u00f3:<\/p>\n<p>T\u1ed5ng di\u1ec7n t\u00edch x\u00e2y d\u1ef1ng = DT m\u00f3ng quy \u0111\u1ed5i + DT s\u00e0n tr\u1ec7t + DT s\u00e0n c\u00e1c l\u1ea7u + DT m\u00e1i h\u1ec7 s\u1ed1 nghi\u00eang + DT s\u00e2n quy \u0111\u1ed5i + DT c\u00e1c c\u00f4ng tr\u00ecnh ph\u1ee5 quy \u0111\u1ed5i.<\/p>\n<p>Di\u1ec7n t\u00edch x\u00e2y d\u1ef1ng = Di\u1ec7n t\u00edch x h\u1ec7 s\u1ed1 %<\/p>\n<h2><strong>B\u00e1o gi\u00e1 ho\u00e0n thi\u1ec7n nh\u00e0 ph\u1ed1 x\u00e2y th\u00f4 m\u1edbi nh\u1ea5t 2023<\/strong><\/h2>\n<figure id=\"attachment_13848\" aria-describedby=\"caption-attachment-13848\" style=\"width: 617px\" class=\"wp-caption aligncenter\"><img loading=\"lazy\" decoding=\"async\" class=\"wp-image-13848 size-full\" src=\"https:\/\/xaydungnhandat.com.vn\/wp-content\/uploads\/2023\/02\/bang-gian-hoan-thien-nha-pho-xay-tho.jpg\" alt=\"B\u1ea3ng gi\u00e1 ho\u00e0n thi\u1ec7n nh\u00e0 ph\u1ed1 x\u00e2y th\u00f4\" width=\"617\" height=\"2160\" srcset=\"https:\/\/xaydungnhandat.com.vn\/wp-content\/uploads\/2023\/02\/bang-gian-hoan-thien-nha-pho-xay-tho.jpg 617w, https:\/\/xaydungnhandat.com.vn\/wp-content\/uploads\/2023\/02\/bang-gian-hoan-thien-nha-pho-xay-tho-86x300.jpg 86w\" sizes=\"(max-width: 617px) 100vw, 617px\" \/><figcaption id=\"caption-attachment-13848\" class=\"wp-caption-text\">B\u1ea3ng gi\u00e1 ho\u00e0n thi\u1ec7n nh\u00e0 ph\u1ed1 x\u00e2y th\u00f4<\/figcaption><\/figure>\n<h2><strong>Quy tr\u00ecnh ho\u00e0n thi\u1ec7n nh\u00e0 ph\u1ed1 x\u00e2y th\u00f4 t\u1ea1i x\u00e2y d\u1ef1ng Nh\u00e2n \u0110\u1ea1t<\/strong><\/h2>\n<figure id=\"attachment_13834\" aria-describedby=\"caption-attachment-13834\" style=\"width: 1080px\" class=\"wp-caption aligncenter\"><img loading=\"lazy\" decoding=\"async\" class=\"size-full wp-image-13834\" src=\"https:\/\/xaydungnhandat.com.vn\/wp-content\/uploads\/2023\/01\/6-buoc-xay-dung-phan-tho-nha-pho.png\" alt=\"6 b\u01b0\u1edbc x\u00e2y d\u1ef1ng ph\u1ea7n th\u00f4 nh\u00e0 ph\u1ed1 t\u1ea1i X\u00e2y D\u1ef1ng Nh\u00e2n \u0110\u1ea1t\" width=\"1080\" height=\"1080\" srcset=\"https:\/\/xaydungnhandat.com.vn\/wp-content\/uploads\/2023\/01\/6-buoc-xay-dung-phan-tho-nha-pho.png 1080w, https:\/\/xaydungnhandat.com.vn\/wp-content\/uploads\/2023\/01\/6-buoc-xay-dung-phan-tho-nha-pho-150x150.png 150w, https:\/\/xaydungnhandat.com.vn\/wp-content\/uploads\/2023\/01\/6-buoc-xay-dung-phan-tho-nha-pho-300x300.png 300w, https:\/\/xaydungnhandat.com.vn\/wp-content\/uploads\/2023\/01\/6-buoc-xay-dung-phan-tho-nha-pho-1024x1024.png 1024w\" sizes=\"(max-width: 1080px) 100vw, 1080px\" \/><figcaption id=\"caption-attachment-13834\" class=\"wp-caption-text\">6 b\u01b0\u1edbc x\u00e2y d\u1ef1ng ph\u1ea7n th\u00f4 nh\u00e0 ph\u1ed1 t\u1ea1i X\u00e2y D\u1ef1ng Nh\u00e2n \u0110\u1ea1t<\/figcaption><\/figure>\n<p>D\u01b0\u1edbi \u0111\u00e2y l\u00e0 quy tr\u00ecnh 6 b\u01b0\u1edbc ho\u00e0n thi\u1ec7n nh\u00e0 ph\u1ed1 x\u00e2y th\u00f4 t\u1ea1i X\u00e2y D\u1ef1ng Nh\u00e2n \u0110\u1ea1t b\u1ea1n c\u00f3 th\u1ec3 tham kh\u1ea3o<\/p>\n<h3>B\u01b0\u1edbc 1: Tr\u00e1t t\u01b0\u1eddng v\u00e0 l\u00e1ng s\u00e0n<\/h3>\n<ul>\n<li>\u0110\u1ed1i v\u1edbi c\u00f4ng t\u00e1c tr\u00e1 t\u01b0\u1eddng v\u00e0 l\u00e1ng s\u00e0n th\u00ec Nh\u00e2n \u0110\u1ea1t s\u1ebd ki\u1ec3m tra k\u1ef9 thu\u1eadt v\u00e0 ch\u1ea5t l\u01b0\u1ee3ng cho c\u00f4ng tr\u00ecnh. S\u1eed d\u1ee5ng Mac 5 \u0111\u1ed1i v\u1edbi nh\u00e0 d\u00e2n d\u1ee5ng v\u00e0 Mac75 \u0111\u1ed1i v\u1edbi c\u00e1c c\u00f4ng tr\u00ecnh cao t\u1ea7ng. \u0110\u1eb7c bi\u1ec7t nh\u1eefng n\u01a1i c\u00f3 \u0111\u1ed9 \u1ea9m cao th\u00ec Nh\u00e2n \u0110\u1ea1t s\u1ebd ti\u1ebfn h\u00e0nh ch\u1ed1ng th\u1ea5p s\u1edbm cho c\u00f4ng tr\u00ecnh \u0111\u1ec3 ch\u00fang \u0111\u1ea1t c\u00f4ng n\u0103ng s\u1eed d\u1ee5ng t\u1ed1t nh\u1ea5t. Nh\u00e2n \u0110\u1ea1t c\u0169ng s\u1ebd l\u00e1ng ph\u1eb3ng n\u1ec1n nh\u00e0 b\u1eb1ng v\u1eefa v\u00e0 xi m\u0103ng tr\u01b0\u1edbc khi \u1ed1p g\u1ea1ch l\u00ean<\/li>\n<\/ul>\n<h3>B\u01b0\u1edbc 2: \u1ed0p v\u00e0 l\u00e1t g\u1ea1ch<\/h3>\n<ul>\n<li>\u1ede X\u00e2y D\u1ef1ng Nh\u00e2n \u0110\u1ea1t, \u0111\u1ed9i ng\u0169 thi c\u00f4ng v\u1edbi kinh nghi\u1ec7m d\u00e0y d\u1eb7n s\u1ebd ti\u1ebfn h\u00e0nh \u1ed1p v\u00e0 l\u00e1t g\u1ea1ch cho qu\u00fd kh\u00e1ch h\u00e0ng. \u0110\u1ea3m b\u1ea3o \u0111\u00fang k\u1ef9 thu\u1eadt \u1edf c\u00e1c m\u1ea1ch c\u1ee7a g\u1ea1ch th\u1eb3ng, l\u00e1t \u0111\u1ec1u nhau v\u00e0 kh\u00f4ng g\u1ed3 gh\u1ec1.<\/li>\n<\/ul>\n<h3>B\u01b0\u1edbc 3: S\u01a1n b\u1ea3 t\u01b0\u1eddng<\/h3>\n<ul>\n<li>\u1ede giai \u0111o\u1ea1n quan tr\u1ecdng n\u00e0y, Nh\u00e2n \u0110\u1ea1t s\u1ebd ti\u1ebfn h\u00e0nh s\u01a1n m\u1ed9t c\u00e1ch ch\u1ea5t l\u01b0\u1ee3ng nh\u1ea5t cho ng\u00f4i nh\u00e0 c\u1ee7a b\u1ea1n. C\u00e1c lo\u1ea1i s\u01a1n m\u00e0 kh\u00e1ch h\u00e0ng l\u1ef1a ch\u1ecdn v\u00e0 s\u1eed d\u00f9ng c\u0169ng \u1ea3nh h\u01b0\u1edfng t\u1edbi th\u1ea9m m\u1ef9 c\u0169ng nh\u01b0 ch\u1ea5t l\u01b0\u1ee3ng<\/li>\n<\/ul>\n<h3>B\u01b0\u1edbc 4: \u0110i \u0111\u01b0\u1eddng \u0111i\u1ec7n, n\u01b0\u1edbc v\u00e0 c\u00e1c v\u1eadt d\u1ee5ng trong nh\u00e0<\/h3>\n<ul>\n<li>Giai \u0111o\u1ea1n \u1edf b\u01b0\u1edbc n\u00e0y \u0111\u1ed9i ng\u0169 s\u1ebd ti\u1ebfn h\u00e0nh th\u1ebft k\u1ebf v\u00e0 l\u1eafp \u0111\u1eb7t l\u1ea1i c\u00e1c h\u1ec7 th\u1ed1ng \u0111i\u1ec7n n\u01b0\u1edbc d\u00e2n d\u1ee5ng cho kh\u00e1ch h\u00e0ng<\/li>\n<\/ul>\n<h3>B\u01b0\u1edbc 5: Ho\u00e0n thi\u1ec7n ph\u1ea7n n\u1ed9i th\u1ea5t cho ng\u00f4i nh\u00e0<\/h3>\n<ul>\n<li>C\u00e1c ki\u1ebfn tr\u00fac s\u01b0 s\u1ebd l\u00e0m vi\u1ec7c v\u1edbi ch\u1ee7 nh\u00e0 \u0111\u1ec3 ti\u1ebfn h\u00e0nh l\u1ef1a ch\u1ecdn theo nhu c\u1ea7u c\u1ee7a kh\u00e1ch h\u00e0ng v\u1ec1 ch\u1ea5t li\u1ec7u c\u0169ng nh\u01b0 thi\u1ebft k\u1ebf c\u1ee7a c\u00e1c v\u1eadt d\u1ee5ng<\/li>\n<\/ul>\n<h3>B\u01b0\u1edbc 6: Nghi\u1ec7m thu v\u00e0 b\u00e0n giao<\/h3>\n<ul>\n<li>Sau khi th\u1ef1c hi\u1ec7n \u0111\u1ea7y \u0111\u1ee7 5 b\u01b0\u1edbc tr\u00ean, Nh\u00e2n \u0110\u1ea1t s\u1ebd ti\u1ebfn h\u00e0nh b\u01b0\u1edbc cu\u1ed1i c\u00f9ng \u0111\u00f3 l\u00e0 ti\u1ebfn h\u00e0nh nghi\u1ec7m thu v\u00e0 b\u00e0n giao c\u00f4ng tr\u00ecnh l\u1ea1i cho kh\u00e1ch h\u00e0ng. Ti\u1ebfn h\u00e0nh d\u1ecdn d\u1eb9p v\u00e0 lau ch\u00f9i<\/li>\n<\/ul>\n<h2><strong>Nh\u1eefng l\u01b0u \u00fd khi ho\u00e0n thi\u1ec7n nh\u00e0 ph\u1ed1 x\u00e2y th\u00f4<\/strong><\/h2>\n<ul>\n<li>S\u1eed d\u1ee5ng v\u1eadt li\u1ec7u ch\u1ea5t l\u01b0\u1ee3ng: Ch\u1ecdn v\u1eadt li\u1ec7u x\u00e2y d\u1ef1ng ch\u1ea5t l\u01b0\u1ee3ng cao \u0111\u1ec3 \u0111\u1ea3m b\u1ea3o t\u00ednh b\u1ec1n v\u00e0 an to\u00e0n c\u1ee7a nh\u00e0 ph\u1ed1 c\u1ee7a b\u1ea1n.<\/li>\n<li>T\u1ea1o thi\u1ebft k\u1ebf h\u1ee3p l\u00fd: H\u00e3y t\u1ea1o m\u1ed9t thi\u1ebft k\u1ebf h\u1ee3p l\u00fd cho nh\u00e0 ph\u1ed1 c\u1ee7a b\u1ea1n, bao g\u1ed3m c\u00e1c y\u1ebfu t\u1ed1 nh\u01b0 s\u1ee9c ch\u1ee9a, s\u1ef1 ti\u1ec7n nghi v\u00e0 s\u1ef1 an to\u00e0n.<\/li>\n<li>Ch\u1ecdn nh\u00e0 th\u1ea7u ch\u1ea5t l\u01b0\u1ee3ng: H\u00e3y ch\u1ecdn m\u1ed9t nh\u00e0 th\u1ea7u uy t\u00edn v\u00e0 c\u00f3 kinh nghi\u1ec7m trong l\u0129nh v\u1ef1c x\u00e2y d\u1ef1ng th\u00f4 nh\u00e0 ph\u1ed1.<\/li>\n<\/ul>\n<p>=&gt; Qu\u00fd kh\u00e1ch c\u00f3 th\u1ec3 tham kh\u1ea3o \u0111\u01a1n gi\u00e1 x\u00e2y d\u1ef1ng ph\u1ea7n th\u00f4 v\u00e0 nh\u00e2n c\u00f4ng ho\u00e0n thi\u1ec7n m\u1edbi nh\u1ea5t c\u1ee7a Nh\u00e2n \u0110\u1ea1t\u00a0<a href=\"https:\/\/xaydungnhandat.com.vn\/bao-gia-xay-dung-phan-tho\">t\u1ea1i \u0111\u00e2y<\/a><\/p>\n<p><strong>C\u00d4NG TY TNHH T\u01af V\u1ea4N \u0110\u1ea6U T\u01af X\u00c2Y D\u1ef0NG NH\u00c2N \u0110\u1ea0T<\/strong><br \/>\n<strong>T\u00ean ti\u1ebfng Anh:<\/strong>\u00a0NHAN DAT Construction Investment Consultancy CO., LTD<br \/>\n<strong>V\u0103n ph\u00f2ng:<\/strong>\u00a0<a href=\"https:\/\/goo.gl\/maps\/vbs4gEzd6F1xV9DGA\">57 Y\u00ean \u0110\u1ed7, P. T\u00e2n Th\u00e0nh, Q. T\u00e2n Ph\u00fa, TP.HCM, Vi\u1ec7t Nam<\/a><br \/>\n<strong>\u0110i\u1ec7n tho\u1ea1i:\u00a0<\/strong>096 731 6869<br \/>\n<strong>Email:\u00a0<\/strong>xaydungnhandat@gmail.com<\/p>\n","protected":false},"excerpt":{"rendered":"<p>Qu\u00fd kh\u00e1ch h\u00e0ng \u0111ang t\u00ecm ki\u1ebfm nh\u1eefng gi\u1ea3i ph\u00e1p khi ti\u1ebfn h\u00e0nh x\u00e2y d\u1ef1ng ph\u1ea7n th\u00f4 cho ng\u00f4i nh\u00e0 c\u1ee7a m\u00ecnh, trong b\u00e0i vi\u1ebft n\u00e0y X\u00e2y D\u1ef1ng Nh\u00e2n \u0110\u1ea1t s\u1ebd ph\u00e2n t\u00edch nh\u1eefng y\u1ebfu t\u1ed1 \u1ea3nh h\u01b0\u1edfng \u0111\u1ebfn gi\u00e1 ho\u00e0n thi\u1ec7n nh\u00e0 ph\u1ed1 x\u00e2y th\u00f4 trong n\u0103m 2026. Qu\u00fd kh\u00e1ch h\u00e0ng c\u00f3 th\u1ec3 tham kh\u1ea3o [&#8230;]\n","protected":false},"author":7,"featured_media":13833,"parent":0,"menu_order":0,"comment_status":"closed","ping_status":"closed","template":"","meta":{"footnotes":""},"_links":{"self":[{"href":"https:\/\/xaydungnhandat.com.vn\/index.php?rest_route=\/wp\/v2\/pages\/13820"}],"collection":[{"href":"https:\/\/xaydungnhandat.com.vn\/index.php?rest_route=\/wp\/v2\/pages"}],"about":[{"href":"https:\/\/xaydungnhandat.com.vn\/index.php?rest_route=\/wp\/v2\/types\/page"}],"author":[{"embeddable":true,"href":"https:\/\/xaydungnhandat.com.vn\/index.php?rest_route=\/wp\/v2\/users\/7"}],"replies":[{"embeddable":true,"href":"https:\/\/xaydungnhandat.com.vn\/index.php?rest_route=%2Fwp%2Fv2%2Fcomments&post=13820"}],"version-history":[{"count":17,"href":"https:\/\/xaydungnhandat.com.vn\/index.php?rest_route=\/wp\/v2\/pages\/13820\/revisions"}],"predecessor-version":[{"id":16401,"href":"https:\/\/xaydungnhandat.com.vn\/index.php?rest_route=\/wp\/v2\/pages\/13820\/revisions\/16401"}],"wp:featuredmedia":[{"embeddable":true,"href":"https:\/\/xaydungnhandat.com.vn\/index.php?rest_route=\/wp\/v2\/media\/13833"}],"wp:attachment":[{"href":"https:\/\/xaydungnhandat.com.vn\/index.php?rest_route=%2Fwp%2Fv2%2Fmedia&parent=13820"}],"curies":[{"name":"wp","href":"https:\/\/api.w.org\/{rel}","templated":true}]}}